{"id":168,"date":"2020-05-11T20:06:55","date_gmt":"2020-05-11T18:06:55","guid":{"rendered":"https:\/\/obrazyzdanice.estranky.online\/?post_type=product&#038;p=168"},"modified":"2023-05-25T07:48:01","modified_gmt":"2023-05-25T05:48:01","slug":"jaro","status":"publish","type":"product","link":"https:\/\/obrazyzdanice.cz\/?product=jaro","title":{"rendered":"Jaro &#8211; Obrazy \u017dd\u00e1nice"},"content":{"rendered":"<figure id=\"attachment_241\" aria-describedby=\"caption-attachment-241\" style=\"width: 225px\" class=\"wp-caption alignnone\"><img fetchpriority=\"high\" decoding=\"async\" class=\"size-medium wp-image-241\" src=\"https:\/\/obrazyzdanice.estranky.online\/wp-content\/uploads\/2020\/05\/IMG_20200630_111201-225x300.jpg\" alt=\"\" width=\"225\" height=\"300\" srcset=\"https:\/\/obrazyzdanice.cz\/wp-content\/uploads\/2020\/05\/IMG_20200630_111201-225x300.jpg 225w, https:\/\/obrazyzdanice.cz\/wp-content\/uploads\/2020\/05\/IMG_20200630_111201-768x1024.jpg 768w, https:\/\/obrazyzdanice.cz\/wp-content\/uploads\/2020\/05\/IMG_20200630_111201-1140x1520.jpg 1140w, https:\/\/obrazyzdanice.cz\/wp-content\/uploads\/2020\/05\/IMG_20200630_111201-600x800.jpg 600w\" sizes=\"(max-width: 225px) 100vw, 225px\" \/><figcaption id=\"caption-attachment-241\" class=\"wp-caption-text\"><span style=\"font-size: 16px;\">Velk\u00fd obraz JARO je malovan\u00fd akrylem na \u0161epsovan\u00e9 pl\u00e1tno.<\/span><\/figcaption><\/figure>\n<p>Rozm\u011bry 60 \u00d7 80 cm<\/p>\n","protected":false},"excerpt":{"rendered":"<h2>Jaro &#8211; Obrazy \u017dd\u00e1nice je obraz malovan\u00fd akrylov\u00fdmi barvami na \u0161epsovan\u00e9 pl\u00e1tno sv\u011btlost\u00e1l\u00fdmi akrylov\u00fdmi barvami.<\/h2>\n<h3>Jaro je ru\u010dn\u011b malovan\u00fd origin\u00e1ln\u00ed obraz. \u017d\u00e1dn\u00fd z obraz\u016f nen\u00ed malov\u00e1n jako duplik\u00e1t.<\/h3>\n<h3>Obraz je dod\u00e1v\u00e1n bez r\u00e1mu. Jedn\u00e1 se o velk\u00fd obraz vhodn\u00fd nap\u0159\u00edklad do ob\u00fdvac\u00edch pokoj\u016f. Obraz je vhodn\u00fd jako origin\u00e1ln\u00ed d\u00e1rek.<\/h3>\n<h4>V\u00a0oblasti akvarelov\u00e9 tvorby nab\u00edz\u00edm origin\u00e1ln\u00ed obrazy &#8211; ka\u017ed\u00fd obr\u00e1zek je origin\u00e1l.<\/h4>\n<p>Akrylov\u00e9 barvy se \u0159ad\u00ed mezi pom\u011brn\u011b novou techniku malby. Pou\u017eit\u00e9 barvy jsou syt\u00e9 s vysok\u00fdm obsahem pigmentu. Na slunci sv\u011btlost\u00e1l\u00e9.<\/p>\n<p>Rozm\u011br: 60 \u00d7 80 cm<\/p>\n<p>Prohl\u00e9dn\u011bte si i ostatn\u00ed tvorbu str\u00e1nek Obrazy \u017dd\u00e1nice.<\/p>\n","protected":false},"featured_media":169,"comment_status":"open","ping_status":"closed","template":"","meta":[],"product_brand":[],"product_cat":[19],"product_tag":[],"class_list":{"0":"post-168","1":"product","2":"type-product","3":"status-publish","4":"has-post-thumbnail","6":"product_cat-akryl-na-platne","8":"first","9":"instock","10":"shipping-taxable","11":"purchasable","12":"product-type-simple"},"jetpack_sharing_enabled":true,"_links":{"self":[{"href":"https:\/\/obrazyzdanice.cz\/index.php?rest_route=\/wp\/v2\/product\/168","targetHints":{"allow":["GET"]}}],"collection":[{"href":"https:\/\/obrazyzdanice.cz\/index.php?rest_route=\/wp\/v2\/product"}],"about":[{"href":"https:\/\/obrazyzdanice.cz\/index.php?rest_route=\/wp\/v2\/types\/product"}],"replies":[{"embeddable":true,"href":"https:\/\/obrazyzdanice.cz\/index.php?rest_route=%2Fwp%2Fv2%2Fcomments&post=168"}],"wp:featuredmedia":[{"embeddable":true,"href":"https:\/\/obrazyzdanice.cz\/index.php?rest_route=\/wp\/v2\/media\/169"}],"wp:attachment":[{"href":"https:\/\/obrazyzdanice.cz\/index.php?rest_route=%2Fwp%2Fv2%2Fmedia&parent=168"}],"wp:term":[{"taxonomy":"product_brand","embeddable":true,"href":"https:\/\/obrazyzdanice.cz\/index.php?rest_route=%2Fwp%2Fv2%2Fproduct_brand&post=168"},{"taxonomy":"product_cat","embeddable":true,"href":"https:\/\/obrazyzdanice.cz\/index.php?rest_route=%2Fwp%2Fv2%2Fproduct_cat&post=168"},{"taxonomy":"product_tag","embeddable":true,"href":"https:\/\/obrazyzdanice.cz\/index.php?rest_route=%2Fwp%2Fv2%2Fproduct_tag&post=168"}],"curies":[{"name":"wp","href":"https:\/\/api.w.org\/{rel}","templated":true}]}}

Jaro &#8211; Obrazy Ždánice

<figure id="attachment_241" aria-describedby="caption-attachment-241" style="width: 225px" class="wp-caption alignnone"><img fetchpriority="high" decoding="async" class="size-medium wp-image-241" src="https://obrazyzdanice.estranky.online/wp-content/uploads/2020/05/IMG_20200630_111201-225x300.jpg" alt="" width="225" height="300" srcset="https://obrazyzdanice.cz/wp-content/uploads/2020/05/IMG_20200630_111201-225x300.jpg 225w, https://obrazyzdanice.cz/wp-content/uploads/2020/05/IMG_20200630_111201-768x1024.jpg 768w, https://obrazyzdanice.cz/wp-content/uploads/2020/05/IMG_20200630_111201-1140x1520.jpg 1140w, https://obrazyzdanice.cz/wp-content/uploads/2020/05/IMG_20200630_111201-600x800.jpg 600w" sizes="(max-width: 225px) 100vw, 225px" /><figcaption id="caption-attachment-241" class="wp-caption-text"><span style="font-size: 16px;">Velký obraz JARO je malovaný akrylem na šepsované plátno.</span></figcaption></figure>
<p>Rozměry 60 × 80 cm</p>

<h2>Jaro &#8211; Obrazy Ždánice je obraz malovaný akrylovými barvami na šepsované plátno světlostálými akrylovými barvami.</h2>
<h3>Jaro je ručně malovaný originální obraz. Žádný z obrazů není malován jako duplikát.</h3>
<h3>Obraz je dodáván bez rámu. Jedná se o velký obraz vhodný například do obývacích pokojů. Obraz je vhodný jako originální dárek.</h3>
<h4>V oblasti akvarelové tvorby nabízím originální obrazy &#8211; každý obrázek je originál.</h4>
<p>Akrylové barvy se řadí mezi poměrně novou techniku malby. Použité barvy jsou syté s vysokým obsahem pigmentu. Na slunci světlostálé.</p>
<p>Rozměr: 60 × 80 cm</p>
<p>Prohlédněte si i ostatní tvorbu stránek Obrazy Ždánice.</p>
