{"id":490,"date":"2021-03-22T15:28:38","date_gmt":"2021-03-22T14:28:38","guid":{"rendered":"https:\/\/obrazyzdanice.cz\/?post_type=product&#038;p=490"},"modified":"2022-01-31T14:22:54","modified_gmt":"2022-01-31T13:22:54","slug":"sloni-aneb-vzpominky-na-afriku","status":"publish","type":"product","link":"https:\/\/obrazyzdanice.cz\/?product=sloni-aneb-vzpominky-na-afriku","title":{"rendered":"Sloni aneb vzpom\u00ednky na Afriku"},"content":{"rendered":"<h1>Sloni aneb Vzpom\u00ednky na Afriku<\/h1>\n<h1>Autorka: Stanislava Sedl\u00e1k Chytilov\u00e1<\/h1>\n<h2>Obrazy \u017dd\u00e1nice p\u0159edstavuj\u00ed velkoform\u00e1tov\u00fd akrylov\u00fd obraz, kter\u00fd je rovn\u011b\u017e plastick\u00fd.<\/h2>\n<p>Obraz slou\u017e\u00ed k p\u0159ipevn\u011bn\u00ed na ze\u010f. Je opat\u0159en 2 oky k pov\u011b\u0161en\u00ed.<\/p>\n<p>Velikost obrazu: 140 \u00d7 140 cm<\/p>\n<p>Akrylov\u00fd obraz je vzhledem ke sv\u00fdm rozm\u011br\u016fm vhodn\u00fd do hal, vstupn\u00edch m\u00edstnost\u00ed, velk\u00fdch ob\u00fdvac\u00edch pokoj\u016f \u010di lo\u017enic.<\/p>\n<figure id=\"attachment_483\" aria-describedby=\"caption-attachment-483\" style=\"width: 225px\" class=\"wp-caption alignnone\"><img fetchpriority=\"high\" decoding=\"async\" class=\"size-medium wp-image-483\" src=\"https:\/\/obrazyzdanice.cz\/wp-content\/uploads\/2021\/03\/IMG_20210318_195822-225x300.jpg\" alt=\"Sloni\" width=\"225\" height=\"300\" srcset=\"https:\/\/obrazyzdanice.cz\/wp-content\/uploads\/2021\/03\/IMG_20210318_195822-225x300.jpg 225w, https:\/\/obrazyzdanice.cz\/wp-content\/uploads\/2021\/03\/IMG_20210318_195822-768x1024.jpg 768w, https:\/\/obrazyzdanice.cz\/wp-content\/uploads\/2021\/03\/IMG_20210318_195822-1152x1536.jpg 1152w, https:\/\/obrazyzdanice.cz\/wp-content\/uploads\/2021\/03\/IMG_20210318_195822-1536x2048.jpg 1536w, https:\/\/obrazyzdanice.cz\/wp-content\/uploads\/2021\/03\/IMG_20210318_195822-1140x1520.jpg 1140w, https:\/\/obrazyzdanice.cz\/wp-content\/uploads\/2021\/03\/IMG_20210318_195822-600x800.jpg 600w, https:\/\/obrazyzdanice.cz\/wp-content\/uploads\/2021\/03\/IMG_20210318_195822-scaled.jpg 1920w\" sizes=\"(max-width: 225px) 100vw, 225px\" \/><figcaption id=\"caption-attachment-483\" class=\"wp-caption-text\">Sloni<\/figcaption><\/figure>\n","protected":false},"excerpt":{"rendered":"<h1>Sloni aneb Vzpom\u00ednky na Afriku<\/h1>\n<h1>Autorka: Stanislava Sedl\u00e1k Chytilov\u00e1<\/h1>\n<h2>Obrazy \u017dd\u00e1nice p\u0159edstavuj\u00ed velkoform\u00e1tov\u00fd akrylov\u00fd obraz, kter\u00fd je rovn\u011b\u017e plastick\u00fd.<\/h2>\n<p>Obraz slou\u017e\u00ed k p\u0159ipevn\u011bn\u00ed na ze\u010f. Je opat\u0159en 2 oky k pov\u011b\u0161en\u00ed.<\/p>\n<p>Velikost obrazu: 140 \u00d7 140 cm<\/p>\n<p>Akrylov\u00fd obraz je vzhledem ke sv\u00fdm rozm\u011br\u016fm vhodn\u00fd do hal, vstupn\u00edch m\u00edstnost\u00ed, velk\u00fdch ob\u00fdvac\u00edch pokoj\u016f \u010di lo\u017enic.<\/p>\n[caption id=\"attachment_483\" align=\"alignnone\" width=\"225\"]<img fetchpriority=\"high\" decoding=\"async\" class=\"size-medium wp-image-483\" src=\"https:\/\/obrazyzdanice.cz\/wp-content\/uploads\/2021\/03\/IMG_20210318_195822-225x300.jpg\" alt=\"Sloni\" width=\"225\" height=\"300\" srcset=\"https:\/\/obrazyzdanice.cz\/wp-content\/uploads\/2021\/03\/IMG_20210318_195822-225x300.jpg 225w, https:\/\/obrazyzdanice.cz\/wp-content\/uploads\/2021\/03\/IMG_20210318_195822-768x1024.jpg 768w, https:\/\/obrazyzdanice.cz\/wp-content\/uploads\/2021\/03\/IMG_20210318_195822-1152x1536.jpg 1152w, https:\/\/obrazyzdanice.cz\/wp-content\/uploads\/2021\/03\/IMG_20210318_195822-1536x2048.jpg 1536w, https:\/\/obrazyzdanice.cz\/wp-content\/uploads\/2021\/03\/IMG_20210318_195822-1140x1520.jpg 1140w, https:\/\/obrazyzdanice.cz\/wp-content\/uploads\/2021\/03\/IMG_20210318_195822-600x800.jpg 600w, https:\/\/obrazyzdanice.cz\/wp-content\/uploads\/2021\/03\/IMG_20210318_195822-scaled.jpg 1920w\" sizes=\"(max-width: 225px) 100vw, 225px\" \/> Sloni[\/caption]\n","protected":false},"featured_media":483,"comment_status":"open","ping_status":"closed","template":"","meta":[],"product_brand":[],"product_cat":[19],"product_tag":[24],"class_list":{"0":"post-490","1":"product","2":"type-product","3":"status-publish","4":"has-post-thumbnail","6":"product_cat-akryl-na-platne","7":"product_tag-akryl","9":"first","10":"instock","11":"shipping-taxable","12":"purchasable","13":"product-type-simple"},"jetpack_sharing_enabled":true,"_links":{"self":[{"href":"https:\/\/obrazyzdanice.cz\/index.php?rest_route=\/wp\/v2\/product\/490","targetHints":{"allow":["GET"]}}],"collection":[{"href":"https:\/\/obrazyzdanice.cz\/index.php?rest_route=\/wp\/v2\/product"}],"about":[{"href":"https:\/\/obrazyzdanice.cz\/index.php?rest_route=\/wp\/v2\/types\/product"}],"replies":[{"embeddable":true,"href":"https:\/\/obrazyzdanice.cz\/index.php?rest_route=%2Fwp%2Fv2%2Fcomments&post=490"}],"wp:featuredmedia":[{"embeddable":true,"href":"https:\/\/obrazyzdanice.cz\/index.php?rest_route=\/wp\/v2\/media\/483"}],"wp:attachment":[{"href":"https:\/\/obrazyzdanice.cz\/index.php?rest_route=%2Fwp%2Fv2%2Fmedia&parent=490"}],"wp:term":[{"taxonomy":"product_brand","embeddable":true,"href":"https:\/\/obrazyzdanice.cz\/index.php?rest_route=%2Fwp%2Fv2%2Fproduct_brand&post=490"},{"taxonomy":"product_cat","embeddable":true,"href":"https:\/\/obrazyzdanice.cz\/index.php?rest_route=%2Fwp%2Fv2%2Fproduct_cat&post=490"},{"taxonomy":"product_tag","embeddable":true,"href":"https:\/\/obrazyzdanice.cz\/index.php?rest_route=%2Fwp%2Fv2%2Fproduct_tag&post=490"}],"curies":[{"name":"wp","href":"https:\/\/api.w.org\/{rel}","templated":true}]}}

Sloni aneb vzpomínky na Afriku

<h1>Sloni aneb Vzpomínky na Afriku</h1>
<h1>Autorka: Stanislava Sedlák Chytilová</h1>
<h2>Obrazy Ždánice představují velkoformátový akrylový obraz, který je rovněž plastický.</h2>
<p>Obraz slouží k připevnění na zeď. Je opatřen 2 oky k pověšení.</p>
<p>Velikost obrazu: 140 × 140 cm</p>
<p>Akrylový obraz je vzhledem ke svým rozměrům vhodný do hal, vstupních místností, velkých obývacích pokojů či ložnic.</p>
<figure id="attachment_483" aria-describedby="caption-attachment-483" style="width: 225px" class="wp-caption alignnone"><img fetchpriority="high" decoding="async" class="size-medium wp-image-483" src="https://obrazyzdanice.cz/wp-content/uploads/2021/03/IMG_20210318_195822-225x300.jpg" alt="Sloni" width="225" height="300" srcset="https://obrazyzdanice.cz/wp-content/uploads/2021/03/IMG_20210318_195822-225x300.jpg 225w, https://obrazyzdanice.cz/wp-content/uploads/2021/03/IMG_20210318_195822-768x1024.jpg 768w, https://obrazyzdanice.cz/wp-content/uploads/2021/03/IMG_20210318_195822-1152x1536.jpg 1152w, https://obrazyzdanice.cz/wp-content/uploads/2021/03/IMG_20210318_195822-1536x2048.jpg 1536w, https://obrazyzdanice.cz/wp-content/uploads/2021/03/IMG_20210318_195822-1140x1520.jpg 1140w, https://obrazyzdanice.cz/wp-content/uploads/2021/03/IMG_20210318_195822-600x800.jpg 600w, https://obrazyzdanice.cz/wp-content/uploads/2021/03/IMG_20210318_195822-scaled.jpg 1920w" sizes="(max-width: 225px) 100vw, 225px" /><figcaption id="caption-attachment-483" class="wp-caption-text">Sloni</figcaption></figure>

<h1>Sloni aneb Vzpomínky na Afriku</h1>
<h1>Autorka: Stanislava Sedlák Chytilová</h1>
<h2>Obrazy Ždánice představují velkoformátový akrylový obraz, který je rovněž plastický.</h2>
<p>Obraz slouží k připevnění na zeď. Je opatřen 2 oky k pověšení.</p>
<p>Velikost obrazu: 140 × 140 cm</p>
<p>Akrylový obraz je vzhledem ke svým rozměrům vhodný do hal, vstupních místností, velkých obývacích pokojů či ložnic.</p>
[caption id="attachment_483" align="alignnone" width="225"]<img fetchpriority="high" decoding="async" class="size-medium wp-image-483" src="https://obrazyzdanice.cz/wp-content/uploads/2021/03/IMG_20210318_195822-225x300.jpg" alt="Sloni" width="225" height="300" srcset="https://obrazyzdanice.cz/wp-content/uploads/2021/03/IMG_20210318_195822-225x300.jpg 225w, https://obrazyzdanice.cz/wp-content/uploads/2021/03/IMG_20210318_195822-768x1024.jpg 768w, https://obrazyzdanice.cz/wp-content/uploads/2021/03/IMG_20210318_195822-1152x1536.jpg 1152w, https://obrazyzdanice.cz/wp-content/uploads/2021/03/IMG_20210318_195822-1536x2048.jpg 1536w, https://obrazyzdanice.cz/wp-content/uploads/2021/03/IMG_20210318_195822-1140x1520.jpg 1140w, https://obrazyzdanice.cz/wp-content/uploads/2021/03/IMG_20210318_195822-600x800.jpg 600w, https://obrazyzdanice.cz/wp-content/uploads/2021/03/IMG_20210318_195822-scaled.jpg 1920w" sizes="(max-width: 225px) 100vw, 225px" /> Sloni[/caption]
