{"id":641,"date":"2023-02-13T11:13:05","date_gmt":"2023-02-13T10:13:05","guid":{"rendered":"https:\/\/obrazyzdanice.cz\/?post_type=product&#038;p=641"},"modified":"2023-02-13T11:19:53","modified_gmt":"2023-02-13T10:19:53","slug":"podmorsky-svet","status":"publish","type":"product","link":"https:\/\/obrazyzdanice.cz\/?product=podmorsky-svet","title":{"rendered":"Podmo\u0159sk\u00fd sv\u011bt &#8211; obraz malovan\u00fd akrylem"},"content":{"rendered":"<figure id=\"attachment_642\" aria-describedby=\"caption-attachment-642\" style=\"width: 300px\" class=\"wp-caption alignnone\"><img fetchpriority=\"high\" decoding=\"async\" class=\"size-medium wp-image-642\" src=\"https:\/\/obrazyzdanice.cz\/wp-content\/uploads\/2023\/02\/maleII-1-300x225.jpg\" alt=\"\" width=\"300\" height=\"225\" srcset=\"https:\/\/obrazyzdanice.cz\/wp-content\/uploads\/2023\/02\/maleII-1-300x225.jpg 300w, https:\/\/obrazyzdanice.cz\/wp-content\/uploads\/2023\/02\/maleII-1-1024x768.jpg 1024w, https:\/\/obrazyzdanice.cz\/wp-content\/uploads\/2023\/02\/maleII-1-768x576.jpg 768w, https:\/\/obrazyzdanice.cz\/wp-content\/uploads\/2023\/02\/maleII-1-1140x855.jpg 1140w, https:\/\/obrazyzdanice.cz\/wp-content\/uploads\/2023\/02\/maleII-1-600x450.jpg 600w, https:\/\/obrazyzdanice.cz\/wp-content\/uploads\/2023\/02\/maleII-1.jpg 1500w\" sizes=\"(max-width: 300px) 100vw, 300px\" \/><figcaption id=\"caption-attachment-642\" class=\"wp-caption-text\">Podmo\u0159sk\u00fd sv\u011bt &#8211; Obrazy \u017dd\u00e1nice<\/figcaption><\/figure>\n","protected":false},"excerpt":{"rendered":"<h2>Podmo\u0159sk\u00fd sv\u011bt &#8211; Obrazy \u017dd\u00e1nice je obraz malovan\u00fd akrylov\u00fdmi barvami na \u0161epsovan\u00e9 pl\u00e1tno sv\u011btlost\u00e1l\u00fdmi akrylov\u00fdmi barvami.<\/h2>\n<h3>Obraz na prodej. Dod\u00e1n bude bez r\u00e1mu.<\/h3>\n<h4>V\u00a0oblasti akvarelov\u00e9 tvorby nab\u00edz\u00edm origin\u00e1ln\u00ed obrazy &#8211; ka\u017ed\u00fd obr\u00e1zek je origin\u00e1l.<\/h4>\n<p>Akrylov\u00e9 barvy se \u0159ad\u00ed mezi pom\u011brn\u011b novou techniku malby. Pou\u017eit\u00e9 barvy jsou syt\u00e9 s vysok\u00fdm obsahem pigmentu. Na slunci sv\u011btlost\u00e1l\u00e9.<\/p>\n<p>Rozm\u011br: 120 \u00d7 40 cm<\/p>\n<p>Prohl\u00e9dn\u011bte si i ostatn\u00ed tvorbu str\u00e1nek Obrazy \u017dd\u00e1nice na obrazyzdanice.cz<\/p>\n[caption id=\"attachment_642\" align=\"alignnone\" width=\"300\"]<img fetchpriority=\"high\" decoding=\"async\" class=\"size-medium wp-image-642\" src=\"https:\/\/obrazyzdanice.cz\/wp-content\/uploads\/2023\/02\/maleII-1-300x225.jpg\" alt=\"\" width=\"300\" height=\"225\" srcset=\"https:\/\/obrazyzdanice.cz\/wp-content\/uploads\/2023\/02\/maleII-1-300x225.jpg 300w, https:\/\/obrazyzdanice.cz\/wp-content\/uploads\/2023\/02\/maleII-1-1024x768.jpg 1024w, https:\/\/obrazyzdanice.cz\/wp-content\/uploads\/2023\/02\/maleII-1-768x576.jpg 768w, https:\/\/obrazyzdanice.cz\/wp-content\/uploads\/2023\/02\/maleII-1-1140x855.jpg 1140w, https:\/\/obrazyzdanice.cz\/wp-content\/uploads\/2023\/02\/maleII-1-600x450.jpg 600w, https:\/\/obrazyzdanice.cz\/wp-content\/uploads\/2023\/02\/maleII-1.jpg 1500w\" sizes=\"(max-width: 300px) 100vw, 300px\" \/> Podmo\u0159sk\u00fd sv\u011bt &#8211; Obrazy \u017dd\u00e1nice[\/caption]\n","protected":false},"featured_media":642,"comment_status":"open","ping_status":"closed","template":"","meta":[],"product_brand":[],"product_cat":[19],"product_tag":[],"class_list":{"0":"post-641","1":"product","2":"type-product","3":"status-publish","4":"has-post-thumbnail","6":"product_cat-akryl-na-platne","8":"first","9":"instock","10":"shipping-taxable","11":"purchasable","12":"product-type-simple"},"jetpack_sharing_enabled":true,"_links":{"self":[{"href":"https:\/\/obrazyzdanice.cz\/index.php?rest_route=\/wp\/v2\/product\/641","targetHints":{"allow":["GET"]}}],"collection":[{"href":"https:\/\/obrazyzdanice.cz\/index.php?rest_route=\/wp\/v2\/product"}],"about":[{"href":"https:\/\/obrazyzdanice.cz\/index.php?rest_route=\/wp\/v2\/types\/product"}],"replies":[{"embeddable":true,"href":"https:\/\/obrazyzdanice.cz\/index.php?rest_route=%2Fwp%2Fv2%2Fcomments&post=641"}],"wp:featuredmedia":[{"embeddable":true,"href":"https:\/\/obrazyzdanice.cz\/index.php?rest_route=\/wp\/v2\/media\/642"}],"wp:attachment":[{"href":"https:\/\/obrazyzdanice.cz\/index.php?rest_route=%2Fwp%2Fv2%2Fmedia&parent=641"}],"wp:term":[{"taxonomy":"product_brand","embeddable":true,"href":"https:\/\/obrazyzdanice.cz\/index.php?rest_route=%2Fwp%2Fv2%2Fproduct_brand&post=641"},{"taxonomy":"product_cat","embeddable":true,"href":"https:\/\/obrazyzdanice.cz\/index.php?rest_route=%2Fwp%2Fv2%2Fproduct_cat&post=641"},{"taxonomy":"product_tag","embeddable":true,"href":"https:\/\/obrazyzdanice.cz\/index.php?rest_route=%2Fwp%2Fv2%2Fproduct_tag&post=641"}],"curies":[{"name":"wp","href":"https:\/\/api.w.org\/{rel}","templated":true}]}}